{"id":39,"date":"2024-05-02T21:11:04","date_gmt":"2024-05-02T19:11:04","guid":{"rendered":"https:\/\/gite-routelle.fr\/?page_id=39"},"modified":"2025-10-15T18:24:26","modified_gmt":"2025-10-15T16:24:26","slug":"tarifs","status":"publish","type":"page","link":"https:\/\/gite-routelle.fr\/index.php\/tarifs\/","title":{"rendered":"Tarifs"},"content":{"rendered":"\n<figure class=\"wp-block-image size-large\"><img loading=\"lazy\" decoding=\"async\" width=\"1024\" height=\"1024\" src=\"http:\/\/gite-routelle.fr\/wp-content\/uploads\/2025\/10\/Tarifs-chambre-dhote-1024x1024.jpg\" alt=\"Tarifs chambres d'h\u00f4tes\" class=\"wp-image-280\" srcset=\"https:\/\/gite-routelle.fr\/wp-content\/uploads\/2025\/10\/Tarifs-chambre-dhote-1024x1024.jpg 1024w, https:\/\/gite-routelle.fr\/wp-content\/uploads\/2025\/10\/Tarifs-chambre-dhote-300x300.jpg 300w, https:\/\/gite-routelle.fr\/wp-content\/uploads\/2025\/10\/Tarifs-chambre-dhote-150x150.jpg 150w, https:\/\/gite-routelle.fr\/wp-content\/uploads\/2025\/10\/Tarifs-chambre-dhote-768x768.jpg 768w, https:\/\/gite-routelle.fr\/wp-content\/uploads\/2025\/10\/Tarifs-chambre-dhote-1536x1536.jpg 1536w, https:\/\/gite-routelle.fr\/wp-content\/uploads\/2025\/10\/Tarifs-chambre-dhote-2048x2048.jpg 2048w, https:\/\/gite-routelle.fr\/wp-content\/uploads\/2025\/10\/Tarifs-chambre-dhote-1200x1200.jpg 1200w, https:\/\/gite-routelle.fr\/wp-content\/uploads\/2025\/10\/Tarifs-chambre-dhote-1980x1980.jpg 1980w\" sizes=\"auto, (max-width: 1024px) 100vw, 1024px\" \/><\/figure>\n\n\n\n<figure class=\"wp-block-table is-style-regular table-large has-small-font-size\"><table><thead><tr><th><\/th><th>1<br>pers.<br><\/th><th>2<br>pers.<br><\/th><th>1<br>pers.<br>\u00e0 v\u00e9lo<\/th><th>2<br>pers.<br>\u00e0 v\u00e9lo<\/th><\/tr><\/thead><tbody><tr><td><strong>Les nocturnes<\/strong><br><em>Chambre 1<\/em><br>2 lits simples<br>1 salle de bain<\/td><td>40\u20ac<\/td><td>60\u20ac<\/td><td>30\u20ac<\/td><td>54\u20ac<\/td><\/tr><tr><td><strong>Au fil de l&#8217;eau<\/strong><br><em>Chambre 2<\/em><br>1 lit double<br>1 salle de bain<br>1 cabine infrarouges (sauna)<\/td><td>50\u20ac<\/td><td>75\u20ac<\/td><td>35\u20ac<\/td><td>65\u20ac<\/td><\/tr><\/tbody><\/table><figcaption class=\"wp-element-caption\"><br><strong>TARIFS <\/strong><\/figcaption><\/figure>\n\n\n\n<p>Petit d\u00e9jeuner classique inclus.<br>Petit d\u00e9jeuner sp\u00e9cial sportives et sportifs : +5\u20ac\/ personne.<br>Acc\u00e8s \u00e0 une cuisine \u00e9quip\u00e9e et salle \u00e0 manger r\u00e9serv\u00e9es aux h\u00f4tes.<br>Tarif en chambre d&#8217;h\u00f4tes d\u00e9gressif \u00e0 partir de la 3\u00e8me nuit : &#8211; 10\u20ac \/ nuit \/ personne sur le prix indiqu\u00e9 dans le tableau.<\/p>\n\n\n\n<p><strong>Taxe de s\u00e9jour + 18 ans : 0,88\u20ac \/personne\/nuit\u00e9e.<\/strong><\/p>\n\n\n\n<p><\/p>\n","protected":false},"excerpt":{"rendered":"<p>1pers. 2pers. 1pers.\u00e0 v\u00e9lo 2pers.\u00e0 v\u00e9lo Les nocturnesChambre 12 lits simples1 salle de bain 40\u20ac 60\u20ac 30\u20ac 54\u20ac Au fil de l&#8217;eauChambre 21 lit double1 salle de bain1 cabine infrarouges (sauna) 50\u20ac 75\u20ac 35\u20ac 65\u20ac TARIFS Petit d\u00e9jeuner classique inclus.Petit d\u00e9jeuner sp\u00e9cial sportives et sportifs : +5\u20ac\/ personne.Acc\u00e8s \u00e0 une cuisine \u00e9quip\u00e9e et salle \u00e0 [&hellip;]<\/p>\n","protected":false},"author":1,"featured_media":0,"parent":0,"menu_order":0,"comment_status":"closed","ping_status":"closed","template":"","meta":{"footnotes":""},"class_list":["post-39","page","type-page","status-publish","hentry"],"_links":{"self":[{"href":"https:\/\/gite-routelle.fr\/index.php\/wp-json\/wp\/v2\/pages\/39","targetHints":{"allow":["GET"]}}],"collection":[{"href":"https:\/\/gite-routelle.fr\/index.php\/wp-json\/wp\/v2\/pages"}],"about":[{"href":"https:\/\/gite-routelle.fr\/index.php\/wp-json\/wp\/v2\/types\/page"}],"author":[{"embeddable":true,"href":"https:\/\/gite-routelle.fr\/index.php\/wp-json\/wp\/v2\/users\/1"}],"replies":[{"embeddable":true,"href":"https:\/\/gite-routelle.fr\/index.php\/wp-json\/wp\/v2\/comments?post=39"}],"version-history":[{"count":20,"href":"https:\/\/gite-routelle.fr\/index.php\/wp-json\/wp\/v2\/pages\/39\/revisions"}],"predecessor-version":[{"id":282,"href":"https:\/\/gite-routelle.fr\/index.php\/wp-json\/wp\/v2\/pages\/39\/revisions\/282"}],"wp:attachment":[{"href":"https:\/\/gite-routelle.fr\/index.php\/wp-json\/wp\/v2\/media?parent=39"}],"curies":[{"name":"wp","href":"https:\/\/api.w.org\/{rel}","templated":true}]}}